8*v**3 - 22*v**2 - 84*v + 47. What is the ten thousands digit of c(-14)?
1
Let u(d) = -1910*d**3. Let z be u(-1). Suppose -n + 2383 = 4*n + w, w + z = 4*n. Suppose n = 5*h + 4*b, 0*h + 4*b - 384 = -4*h. What is the units digit of h?
3
Let n = 14897 - 14008. What is the tens digit of n?
8
Let u = 5041 - -982. What is the hundreds digit of u?
0
Let d(n) = -29*n**3 + 4*n**2 - 16*n - 127. What is the tens digit of d(-6)?
7
Suppose -7*n - 4*s = -2*n - 5510, 5*s - 1102 = -n. Suppose -n - 566 = -2*z. What is the tens digit of z?
3
Let c(u) be the first derivative of 46*u**2 - u + 848. Let t be 6/(-2)*2/(-6). What is the units digit of c(t)?
1
Let x = 1449 + 3762. What is the tens digit of x?
1
Let x be 84/60*(1 - (-4)/1). Let s(t) = 0*t - x*t - 21*t - 19 - 15*t. What is the units digit of s(-4)?
3
Let g(n) = n**2 - 4*n - 3. Let a be g(-8). Let o = -94 + a. What is the tens digit of 4 - o/(-1) - 0 - -28?
3
Let w(m) = -13*m**3 + 10*m**2 + 9*m**2 + 1 - 21*m**2 + m. Let h be w(2). Let u = h - -195. What is the units digit of u?
6
Let z = 10097 - 6811. What is the units digit of z?
6
Let d(g) = 50*g**2 - 3*g - 68. What is the tens digit of d(-10)?
6
Suppose -3*j = b + 1298, 0*j - 4*j = -5*b + 1756. Let g = 139 - j. What is the tens digit of g?
7
Suppose 0 = 7*q + 1421 - 4508. What is the units digit of q?
1
Suppose -4*t = 2*m - 151102, -113331 = -3*t + m + 2*m. What is the units digit of t?
6
Suppose v - 15 = 4*z, -5*v + 18 - 48 = z. What is the units digit of v - (5 - 9) - -176?
5
Let y(j) = 42*j**2 - 381*j + 12. What is the ten thousands digit of y(23)?
1
Suppose 19 = -y + 13. What is the hundreds digit of 3 - 6 - 73*y?
4
What is the hundreds digit of (-231780)/(-105) - (-15)/(-35)?
2
Suppose -4*x + 5*f + 28 = 0, -4*x + f + 16 + 28 = 0. Suppose u - 4*s - 991 = 0, -x*s - 996 = -u - 9*s. What is the thousands digit of u?
1
Let b = 25452 + -12886. What is the ten thousands digit of b?
1
Let u = 7546 + 9463. What is the units digit of u?
9
Let b(y) = 203*y + 1. Suppose 220 = 8*p - 3*p. Let x be 2/10 + p/55. What is the units digit of b(x)?
4
Let a = -914 + 14466. What is the thousands digit of a?
3
Suppose 53*p - 54*p + 43597 = r, -5*r - 4*p + 217984 = 0. What is the tens digit of r?
9
Suppose v = f - 1, -4*v - 8 = 2*f - 7*f. Let y(z) = -14*z**2 + 2*z + 4. Let g(l) = -7*l**2 + l + 2. Let q(h) = 5*g(h) - 3*y(h). What is the units digit of q(v)?
8
Let l(h) = -14*h - 65. Let x be l(-5). Suppose -3*o + 2049 - 765 = 3*f, -f - x*o = -424. What is the units digit of f?
9
Suppose 16*j + 5*z = 17*j - 17104, -3*z - 68365 = -4*j. What is the tens digit of j?
8
Suppose 3*w + 12 = 0, 0 = -6*k + 3*k - 2*w + 922. Suppose -4*t = -3*l - 3*t + 850, l + 5*t - k = 0. What is the units digit of l?
5
Suppose 4*m + 74 = q, -10 = -6*m + 4*m. Suppose -79*a + q*a - 2160 = 0. What is the tens digit of a?
4
Suppose -3003 - 5404 - 19328 = -129*a. What is the hundreds digit of a?
2
Suppose -5*g - 81 = 2*r - 3427, -g + 4*r + 634 = 0. What is the tens digit of g?
6
Let s(p) = p**2 - p - 179. Let g be s(18). What is the tens digit of (-129 + g)/((-4)/954)?
7
Let u(i) = -i - 64. Let s be u(-11). Let r = -50 - s. Suppose 488 + 37 = r*a. What is the tens digit of a?
7
Suppose 2*z + c + 88 = 21, z + 4*c = -51. Let x = z - -31. Suppose 3*d - 62 - 7 = x. What is the tens digit of d?
2
Let w = 27 + -29. Let c be (32/(-6))/((-40)/15 - w). What is the tens digit of (9 - c - 2/4)*74?
3
Let s(m) = -1619*m - 5. Let f be s(-1). What is the tens digit of (3 + -1)*(-4)/(-48)*f?
6
Let k(y) = 3*y**3 - 16*y**2 - 30*y + 600. What is the units digit of k(26)?
2
Let f(i) = -i**2 + 31*i - 58. Let u be f(29). Suppose 3*a + 11*o - 9*o - 802 = 0, u = 5*a - 3*o - 1324. What is the units digit of a?
6
Let x(u) = -u**3 - 9*u**2 - 11*u - 9. Let s be x(-8). Suppose -6*n - s = -9. What is the tens digit of (7/(-1) - n)/(10/(-55))?
3
Let g be (248/12)/(3/(9/2)). Let w = 34 - g. Suppose 12 = -w*m, -3*o - 2*m = -0*m - 172. What is the units digit of o?
0
What is the hundreds digit of 17414/(-2 + 1)*(-45)/90?
7
Let x = 885 + -119. What is the hundreds digit of x?
7
Suppose -4*u - g = -100, 0 = -5*u + g + 121 + 13. Let t = u + -22. Suppose 0 = t*n - 42 + 14. What is the units digit of n?
7
Let h = 63 - 63. Let f be (h + (-53)/3)*(17 - 20). Suppose 0 = -4*w + f + 199. What is the tens digit of w?
6
Let v = 11712 + -19519. What is the tens digit of (v/74)/((-1)/14)?
7
Suppose -i - 24702 = -20*z + 18*z, -4*z + 49412 = -4*i. What is the units digit of z?
9
Suppose 4*t - 37204 = 2*y, -94*t + 97*t = -5*y + 27890. What is the hundreds digit of t?
3
Let i(g) = 38*g**3 + 2*g**2 + g + 20. Let t be i(4). Suppose 14824 = 12*n + t. What is the hundreds digit of n?
0
Suppose -4*s = -z + 27292, 4*z + 8*s - 109315 = 3*s. What is the tens digit of z?
2
Let c(d) = -5*d**2 - 27*d - 24. Let b be c(12). What is the hundreds digit of (b + 12)*(-2)/4?
5
Suppose 206 - 26 = -9*h. Let q(t) = t**3 + 21*t**2 + 4*t + 10. What is the units digit of q(h)?
0
Let n(r) = 7*r + 173. Let o be ((-320)/35 + 12)/(2/7). What is the units digit of n(o)?
3
Let c = 3867 + 12479. What is the hundreds digit of c?
3
Suppose 2*n + 5*i = 5169, 9*n + 4*i = 11*n - 5142. What is the thousands digit of n?
2
Let u(i) = 187*i**3 - 2*i**2 - 3*i - 1. Suppose 12*w - 4 = 16*w. Let q be u(w). Let a = q + 294. What is the tens digit of a?
0
Suppose -6899 = -i - 2*o, 5*i + 328*o - 326*o - 34559 = 0. What is the tens digit of i?
1
Suppose 5*m - m = 4*t + 120, 0 = -5*m + 4*t + 155. Suppose 3*q - 2*s = m, -q + 5*s + 27 = q. Let v = 64 - q. What is the units digit of v?
3
Let u(t) = 71*t**2 - 44*t + 116. What is the thousands digit of u(-13)?
2
Let v(l) = -8*l + 14*l + 11*l + 5 + 3. Let b be v(5). Suppose -2*c + 11 + b = 0. What is the tens digit of c?
5
Let p(i) = -15*i**2 + 3*i + 38. Let m be p(-10). Let l = -961 - m. What is the units digit of l?
1
Let w(k) = -17 - 45 - 32*k - k - 23 - 34*k. What is the hundreds digit of w(-15)?
9
Suppose -5*i + 234341 = -b, 24*b - 234323 = -5*i + 27*b. What is the thousands digit of i?
6
Let v = 198 - 66. Suppose 51 = c - v. What is the units digit of c?
3
What is the thousands digit of (238/(-42) + 4)*362592/(-30)?
0
Let m(g) = -5*g - 2. Let d(y) = 14*y + 7. Let k(v) = 4*d(v) + 11*m(v). Let z be k(6). Suppose -24 = 9*a - z*a. What is the units digit of a?
8
Let a(i) = -i**2 - 10*i - 8. Let k be a(-9). Let h be k/2*(2 - 2). Suppose 2*f + 4*n = 180, -n + 3 + h = 0. What is the tens digit of f?
8
Let q(d) = 7*d**2 + 57*d - 2557. What is the ten thousands digit of q(-83)?
4
Let o be (-1)/(4/(-20)) - -1. Let g(h) = 2*h**3 - 10*h**2 - 8*h + 4. Let n be g(o). Let c = 0 + n. What is the units digit of c?
8
Let r = 0 - -1. Let d be 0/(-7) + r*-59. Let p = 82 - d. What is the units digit of p?
1
Suppose 9753 = 48*z - 82791. What is the thousands digit of z?
1
Suppose 2*z + 64 = 2*d, 2*z + 158 = 4*d + 22. Let b = d + -196. What is the hundreds digit of ((-138)/(-8))/((-12)/b)?
2
Let d(c) = 10*c - 7. Let w(y) = 50*y - 34. Let t(n) = 16*d(n) - 3*w(n). Let o be t(-3). What is the units digit of (58/(-8))/(10/o)?
9
Let s be (-5 - -15)*(1 - 0)/2. Suppose -s*p + 1591 = 3*r, 2662 = 5*r - 4*p + 2*p. What is the units digit of r?
2
Let c(x) = 25 - 94 - 6*x - 8. What is the units digit of c(-18)?
1
Suppose -14*v + 19*v = 10. Suppose 2*s + 9*q - 14*q - 501 = 0, v*q = -3*s + 761. What is the tens digit of s?
5
Let m(r) = -6*r + 104. Let v be ((-2)/2 - -1)/(-52 + 51). What is the hundreds digit of m(v)?
1
Let w(b) = -2*b**2 - 1. Let g be w(-3). What is the hundreds digit of 4 - (-19209)/g*(-2)/3?
6
Let r = 40886 + -8110. What is the hundreds digit of r?
7
Suppose 0*o = -10*o + 780. Suppose -o*m + 83*m - 1420 = 0. Let r = -146 + m. What is the units digit of r?
8
What is the tens digit of -3 + -10 - (-44 + -1832)?
6
Let z(v) = -270*v**2 - 7*v + 3. Let x(r) = 135*r**2 + 3*r - 1. Let f(j) = -5*x(j) - 2*z(j). Let i be f(-1). Let h = 397 + i. What is the tens digit of h?
6
What is the thousands digit of (1/3)/((-143)/24651627)*(-1)/1?
7
Suppose -216*t + 6 = -210*t. What is the units digit of 122 + -4 - (t - -3)?
4
Let b = 26422 + -13134. What is the thousands digit of b?
3
What is the ten thousands digit of (38/8*1182)/(4*(-6)/(-48))?
1
Suppose 0 = 3*n + 3*j - 96, 0*n + 3*j